{"id":33,"date":"2026-02-27T10:06:23","date_gmt":"2026-02-27T10:06:23","guid":{"rendered":"https:\/\/law.bravacom.cat\/?page_id=33"},"modified":"2026-03-12T12:34:09","modified_gmt":"2026-03-12T12:34:09","slug":"unidades","status":"publish","type":"page","link":"https:\/\/law.bravacom.cat\/index.php\/unidades\/","title":{"rendered":"Unidades"},"content":{"rendered":"\t\t<div data-elementor-type=\"wp-page\" data-elementor-id=\"33\" class=\"elementor elementor-33\" data-elementor-post-type=\"page\">\n\t\t\t\t<div class=\"elementor-element elementor-element-ae7100f e-flex e-con-boxed e-con e-parent\" data-id=\"ae7100f\" data-element_type=\"container\" data-e-type=\"container\">\n\t\t\t\t\t<div class=\"e-con-inner\">\n\t\t<div class=\"elementor-element elementor-element-bc46061 e-con-full e-flex e-con e-child\" data-id=\"bc46061\" data-element_type=\"container\" data-e-type=\"container\">\n\t\t<div class=\"elementor-element elementor-element-d566732 e-con-full e-flex e-con e-child\" data-id=\"d566732\" data-element_type=\"container\" data-e-type=\"container\">\n\t\t\t\t<div class=\"elementor-element elementor-element-16f8d4c elementor-widget elementor-widget-text-editor\" data-id=\"16f8d4c\" data-element_type=\"widget\" data-e-type=\"widget\" data-widget_type=\"text-editor.default\">\n\t\t\t\t\t\t\t\t\t<p>Con m\u00e1s de 50 a\u00f1os de experiencia, Law Holding se ha consolidado como uno de los grupos empresariales l\u00edderes en el sector de&nbsp;<span style=\"font-size: 1rem;\">la restauraci\u00f3n y el ocio en las provincias de&nbsp;<\/span><span style=\"font-size: 1rem;\">Girona y Tarragona. Nuestro compromiso es&nbsp;<\/span><span style=\"font-size: 1rem;\">ofrecer un servicio excelente a trav\u00e9s de un&nbsp;<\/span><span style=\"font-size: 1rem;\">equipo humano altamente cualificado y <\/span><span style=\"font-size: 1rem;\">enfocado en la satisfacci\u00f3n del cliente.Lorem ipsum dolor sit amet, consectetur adipiscing elit. Ut elit tellus, luctus nec ullamcorper mattis, pulvinar dapibus leo.<\/span><\/p>\t\t\t\t\t\t\t\t<\/div>\n\t\t\t\t<\/div>\n\t\t<div class=\"elementor-element elementor-element-a4237e2 e-con-full e-flex e-con e-child\" data-id=\"a4237e2\" data-element_type=\"container\" data-e-type=\"container\">\n\t\t\t\t<\/div>\n\t\t\t\t<\/div>\n\t\t\t\t<div class=\"elementor-element elementor-element-a6be789 elementor-widget elementor-widget-zigzag\" data-id=\"a6be789\" data-element_type=\"widget\" data-e-type=\"widget\" data-settings=\"{&quot;image_shape&quot;:&quot;sharp&quot;}\" data-widget_type=\"zigzag.default\">\n\t\t\t\t<div class=\"elementor-widget-container\">\n\t\t\t\t\t\t\t<div class=\"ehp-zigzag has-direction-start\">\n\t\t\t\t\t\t\t<div class=\"ehp-zigzag__item-wrapper\">\n\t\t\t\t\t<div class=\"ehp-zigzag__item-container\">\n\t\t\t\t\t\t\t\t<div class=\"ehp-zigzag__graphic-element-container has-image\">\n\t\t\t\t\t\t<div class=\"ehp-image ehp-zigzag__image-container\">\n\t\t\t\t<img decoding=\"async\" class=\"ehp-image__img ehp-zigzag__img has-shape-sharp shape-type-image\" src=\"https:\/\/law.bravacom.cat\/wp-content\/plugins\/elementor\/assets\/images\/placeholder.png\" title=\"\" alt=\"\" loading=\"lazy\" \/>\t\t\t<\/div>\n\t\t\t\t\t<\/div>\n\t\t\t\t<div class=\"ehp-zigzag__text-container is-graphic-image\">\n\t\t\t<h2 class=\"ehp-zigzag__title\">FRANQUICIAS DE BURGER KING<\/h2><p class=\"ehp-zigzag__description\">Operamos m\u00faltiples franquicias de Burger\nKing en Lloret de Mar y Salou, ofreciendo a\nnuestros clientes productos de alta calidad\nen un ambiente c\u00f3modo y moderno. Nuestro\nenfoque en la eficiencia operativa y la\nsatisfacci\u00f3n del cliente ha convertido a\nnuestros establecimientos en referentes\nlocales.<\/p>\t\t<\/div>\n\t\t\t\t\t\t\t<\/div>\n\t\t\t\t<\/div>\n\t\t\t\t\t\t\t\t<div class=\"ehp-zigzag__item-wrapper\">\n\t\t\t\t\t<div class=\"ehp-zigzag__item-container\">\n\t\t\t\t\t\t\t\t<div class=\"ehp-zigzag__graphic-element-container has-image\">\n\t\t\t\t\t\t<div class=\"ehp-image ehp-zigzag__image-container ehp-image ehp-zigzag__image-container\">\n\t\t\t\t<img decoding=\"async\" class=\"ehp-image__img ehp-zigzag__img has-shape-sharp shape-type-image\" src=\"https:\/\/law.bravacom.cat\/wp-content\/plugins\/elementor\/assets\/images\/placeholder.png\" title=\"\" alt=\"\" loading=\"lazy\" \/>\t\t\t<\/div>\n\t\t\t\t\t<\/div>\n\t\t\t\t<div class=\"ehp-zigzag__text-container is-graphic-image\">\n\t\t\t<h2 class=\"ehp-zigzag__title\">FRANQUICIAS DE KFC<\/h2><p class=\"ehp-zigzag__description\">Nuestras franquicias de KFC en Lloret de Mar\nofrecen la aut\u00e9ntica receta del pollo frito m\u00e1s\nfamoso del mundo. Con un enfoque en la\ninnovaci\u00f3n y la experiencia del cliente, hemos\nlogrado crear espacios donde la calidad y el\nsabor se unen para brindar momentos\nmemorables.<\/p>\t\t<\/div>\n\t\t\t\t\t\t\t<\/div>\n\t\t\t\t<\/div>\n\t\t\t\t\t\t\t\t<div class=\"ehp-zigzag__item-wrapper\">\n\t\t\t\t\t<div class=\"ehp-zigzag__item-container\">\n\t\t\t\t\t\t\t\t<div class=\"ehp-zigzag__graphic-element-container has-image\">\n\t\t\t\t\t\t<div class=\"ehp-image ehp-zigzag__image-container ehp-image ehp-zigzag__image-container ehp-image ehp-zigzag__image-container\">\n\t\t\t\t<img decoding=\"async\" class=\"ehp-image__img ehp-zigzag__img has-shape-sharp shape-type-image\" src=\"https:\/\/law.bravacom.cat\/wp-content\/plugins\/elementor\/assets\/images\/placeholder.png\" title=\"\" alt=\"\" loading=\"lazy\" \/>\t\t\t<\/div>\n\t\t\t\t\t<\/div>\n\t\t\t\t<div class=\"ehp-zigzag__text-container is-graphic-image\">\n\t\t\t<h2 class=\"ehp-zigzag__title\">PICCADILLY SPORTS BAR<\/h2><p class=\"ehp-zigzag__description\">Ubicado en una posici\u00f3n privilegiada, en\nprimera l\u00ednea de playa en Lloret de Mar,\nPiccadilly Sports Bar ofrece una\nexperiencia \u00fanica de relax y entretenimiento\nfrente al mar. Este beach club es el lugar\nideal para disfrutar de un d\u00eda soleado o de\nuna noche con amigos.<\/p>\t\t<\/div>\n\t\t\t\t\t\t\t<\/div>\n\t\t\t\t<\/div>\n\t\t\t\t\t\t\t\t<div class=\"ehp-zigzag__item-wrapper\">\n\t\t\t\t\t<div class=\"ehp-zigzag__item-container\">\n\t\t\t\t\t\t\t\t<div class=\"ehp-zigzag__graphic-element-container has-image\">\n\t\t\t\t\t\t<div class=\"ehp-image ehp-zigzag__image-container ehp-image ehp-zigzag__image-container ehp-image ehp-zigzag__image-container ehp-image ehp-zigzag__image-container\">\n\t\t\t\t<img decoding=\"async\" class=\"ehp-image__img ehp-zigzag__img has-shape-sharp shape-type-image\" src=\"https:\/\/law.bravacom.cat\/wp-content\/plugins\/elementor\/assets\/images\/placeholder.png\" title=\"\" alt=\"\" loading=\"lazy\" \/>\t\t\t<\/div>\n\t\t\t\t\t<\/div>\n\t\t\t\t<div class=\"ehp-zigzag__text-container is-graphic-image\">\n\t\t\t<h2 class=\"ehp-zigzag__title\">DISCO TROPICS EN LLORET DE MAR<\/h2><p class=\"ehp-zigzag__description\">Disco Tropics es la discoteca m\u00e1s ic\u00f3nica de\nLloret de Mar. Con tres salas independientes en un\nmismo complejo, el club ha sido reconocido por su\nambiente, m\u00fasica de calidad y eventos exclusivos.\nCon una capacidad para cerca de 3.000 personas,\nse ha convertido en un referente del ocio nocturno\nen la Costa Brava tras recibir, a\u00f1o tras a\u00f1o, m\u00e1s de\n300.000 clientes, ocupando, a d\u00eda de hoy, el puesto\n48 del mundo seg\u00fan la International Night Life\nAsociation.<\/p>\t\t<div class=\"ehp-zigzag__button-container\">\n\t\t\t<a class=\"ehp-button ehp-button--primary ehp-zigzag__button ehp-zigzag__button--primary is-type-link\">\n\t\t\t\t<span class=\"ehp-zigzag__button-text\">Learn More<\/span>\t\t\t\t\t<\/a>\n\t\t<\/div>\n\t\t\t\t<\/div>\n\t\t\t\t\t\t\t<\/div>\n\t\t\t\t<\/div>\n\t\t\t\t\t\t\t<\/div>\n\t\t\t\t\t\t<\/div>\n\t\t\t\t<\/div>\n\t\t\t\t\t<\/div>\n\t\t\t\t<\/div>\n\t\t\t\t<\/div>\n\t\t","protected":false},"excerpt":{"rendered":"<p>Con m\u00e1s de 50 a\u00f1os de experiencia, Law Holding se ha consolidado como uno de los grupos empresariales l\u00edderes en el sector de&nbsp;la restauraci\u00f3n y el ocio en las provincias de&nbsp;Girona y Tarragona. Nuestro compromiso es&nbsp;ofrecer un servicio excelente a trav\u00e9s de un&nbsp;equipo humano altamente cualificado y enfocado en la satisfacci\u00f3n del cliente.Lorem ipsum dolor [&hellip;]<\/p>\n","protected":false},"author":1,"featured_media":0,"parent":0,"menu_order":0,"comment_status":"closed","ping_status":"closed","template":"","meta":{"footnotes":""},"class_list":["post-33","page","type-page","status-publish","hentry"],"_links":{"self":[{"href":"https:\/\/law.bravacom.cat\/index.php\/wp-json\/wp\/v2\/pages\/33","targetHints":{"allow":["GET"]}}],"collection":[{"href":"https:\/\/law.bravacom.cat\/index.php\/wp-json\/wp\/v2\/pages"}],"about":[{"href":"https:\/\/law.bravacom.cat\/index.php\/wp-json\/wp\/v2\/types\/page"}],"author":[{"embeddable":true,"href":"https:\/\/law.bravacom.cat\/index.php\/wp-json\/wp\/v2\/users\/1"}],"replies":[{"embeddable":true,"href":"https:\/\/law.bravacom.cat\/index.php\/wp-json\/wp\/v2\/comments?post=33"}],"version-history":[{"count":10,"href":"https:\/\/law.bravacom.cat\/index.php\/wp-json\/wp\/v2\/pages\/33\/revisions"}],"predecessor-version":[{"id":112,"href":"https:\/\/law.bravacom.cat\/index.php\/wp-json\/wp\/v2\/pages\/33\/revisions\/112"}],"wp:attachment":[{"href":"https:\/\/law.bravacom.cat\/index.php\/wp-json\/wp\/v2\/media?parent=33"}],"curies":[{"name":"wp","href":"https:\/\/api.w.org\/{rel}","templated":true}]}}